rime number?
True
Suppose 21*n + 30 = 18*n. Let l be 8/20 + 4/n. Suppose l = 7*v + 6 - 839. Is v a composite number?
True
Is (-73880)/(-6) - 58/174 a composite number?
True
Suppose -4*a + 20 = -0*a. Suppose -a*w + 869 = 2*h, 0 = -5*w + h + 538 + 325. Suppose 5*y + 3*m - 913 = 0, 0*y = y + 3*m - w. Is y a prime number?
False
Suppose 40*g - 1343942 = 70338. Is g a composite number?
True
Let k be 57176/13 + (-6)/39. Suppose 0 = 3*i + 315 - k. Is i composite?
False
Let g(f) = f**3 - 5*f**2 + 2. Let p be g(5). Suppose 5*n + 5 = 0, 6*y - 3*n = 13*y - 39. Suppose -y*j = -p*j - 636. Is j a composite number?
True
Let h(t) = -t**3 - 38*t**2 + 48*t + 322. Is h(-47) a prime number?
False
Let o = -3266 + 6529. Is o composite?
True
Suppose b - 96 = 2*c - 3*c, -b = 4*c - 93. Suppose -3*m + b + 341 = 0. Is m prime?
False
Let h be 0*(-4)/(-8) - 0. Suppose -d + 158 + 3035 = h. Is d a composite number?
True
Suppose 110*n - 87*n - 39997 = 0. Is n composite?
True
Suppose 300 = t - 673. Suppose -h + 2*p = 4*h - 1645, -3*h + t = -4*p. Is h composite?
False
Suppose 77274 = 5*h - 25111. Is h composite?
False
Is (-6)/4*(-876114)/27 prime?
True
Let n = -29723 - -69864. Is n a composite number?
True
Let r be 3/2*(-176)/12. Let m = r + 10. Is 313/4 + (-9)/m a prime number?
True
Let r = 28090 - 18287. Is r composite?
False
Suppose l + 3 = 0, 3403 = 2*v + 4*l - 6763. Is v a prime number?
False
Let n = -52 - -77. Suppose -n*z = -26*z + 1319. Is z prime?
True
Let d(b) = -b**2 - 26*b + 15. Let z be d(-13). Let k = 279 - z. Is k a prime number?
False
Let y(l) = -l**3 + l**2 + 1. Let g be y(0). Let t be g*((-12)/(-1))/(-3). Is (253 - (t + 2)) + -1 a prime number?
False
Let j = -50 + 55. Is 2/((-8)/(-14660)*j) a prime number?
True
Suppose -5*u = -3*g - 51491, 0 = 2*u + 2*u - 5*g - 41198. Is u composite?
True
Let l(i) = -i**2 + 23*i + 5. Let y be l(23). Suppose c - y*t - 792 = 0, 3*c - 2*t - 718 - 1645 = 0. Is c composite?
False
Let w = 582 - 991. Let c = 126 - w. Is c a prime number?
False
Let w = 1431 + 4078. Is w a composite number?
True
Suppose 2*n = -5*d + 93139, -37255 = -2*d + 10*n - 11*n. Is d a composite number?
True
Let o(q) = 3*q - 28. Let t be o(7). Is 2 + -6 - t - (-1 + -2175) a composite number?
False
Suppose -5 + 1260 = 5*g. Is g composite?
False
Let m = 1 + 4. Suppose -k + m*k + 4*d - 20 = 0, 5 = k - 5*d. Suppose -k*h = -220 - 250. Is h prime?
False
Suppose 5*p = -24 + 9. Let t be ((-2)/p)/((-1)/(-195)). Suppose a - t = -a. Is a a composite number?
True
Suppose w + 4*k = -16, -k = 3*w - 5*w + 13. Is 36/(-4) + w - -1264 composite?
False
Let h = -4 - -7. Suppose s = -h*s. Suppose -r - 3*z = -122, -r + z + 0 + 118 = s. Is r a composite number?
True
Is 258*(20 - 11) - -11 a composite number?
False
Let q = -181 - -268. Suppose -3*m = -0*m - q. Let s = m + -10. Is s composite?
False
Suppose -9*n + 5*n = 0. Suppose -5*g - 3*r + 0*r + 367 = n, -12 = -3*r. Is g composite?
False
Suppose 4*b - 505017 = -5*b. Is b composite?
False
Let u(h) be the second derivative of -41*h**6/720 - 7*h**5/120 - h**4/3 - 6*h. Let a(x) be the third derivative of u(x). Is a(-4) a prime number?
True
Let c(m) = 5*m**3 - m**2 - 3*m - 2. Let w(d) = -12*d. Let r be w(-1). Let v be 93/18 + (-2)/r. Is c(v) prime?
False
Let g be (-22)/((-4)/(-6) + 1240/(-1815)). Suppose g = 3*y + 92. Is y a composite number?
True
Suppose -6376 = s - w, 28362 = -5*s + 4*w - 3523. Is 1*(s/(-13) + 4/26) composite?
False
Let b = -14 - -18. Suppose -b = -2*x + 2. Suppose -93 = -x*q + 6*m - m, -q + 31 = 3*m. Is q prime?
True
Let u(b) = b**3 + 13*b**2 + 13*b - 9. Let q be u(-11). Suppose 66 + q = 4*w. Is w prime?
False
Let p = 170 + -814. Let d = 985 + p. Is d composite?
True
Suppose 42 = 3*g - 3*j, g + 2*j - 20 = 6*j. Let r(v) = 2*v - 22. Let a be r(g). Suppose -a*q + 3*k = -q - 68, -2*q + 96 = 2*k. Is q a prime number?
True
Suppose 2*n = -769 - 4749. Let f = n + 4018. Is f composite?
False
Suppose 5*v + 1 + 4 = 0, 3*x + 13 = 5*v. Let i(c) = 4*c**2 - 3*c - 3. Let n be i(x). Suppose -2*o - o = -n. Is o prime?
True
Suppose -2*o = 4*b - 3964, -9*o = -8*o. Is b prime?
True
Let m = 845 - 300. Let c(k) = k**3 + 2*k**2 + 5*k + 2. Let j be c(-6). Let z = m + j. Is z composite?
False
Let g(u) = -143*u + 53. Let j be g(6). Let f = j + 1554. Is f composite?
True
Suppose s = -5 + 2. Is -4 - s - (-140 - -6) prime?
False
Is ((-20319)/(-15) - -6) + (-2)/(-5) prime?
True
Suppose 349 = 5*t + 39. Suppose -k = 4*b - 11 - 9, -k = -b + 5. Suppose -n - 2*p = -p - 58, -t = -n - b*p. Is n composite?
True
Let t(s) = s**3 + 6*s**2 + 4. Let l(z) = -3*z**3 - 12*z**2 - 8. Let h(c) = 2*l(c) + 5*t(c). Is h(6) a prime number?
False
Let x = -3859 - -6976. Is x prime?
False
Suppose 0 = 4*p - 2*p + 2. Let x(y) = 591*y**2. Is x(p) composite?
True
Suppose -4*i + 2376 = -0*i. Let d = i - -1348. Is d prime?
False
Let g = -18 + 22. Suppose -g*p = 3*h - 1225, h = 3*h - 5*p - 809. Is h a composite number?
True
Let g be (0 + 33/(-2))*(-116)/(-3). Let q = -85 - g. Is q composite?
True
Suppose -18 = 3*u - 9*u. Suppose -u*b = -b - g - 7, -2*g + 6 = b. Suppose b*z + 19 = -3*m + 397, -2*z + 2*m = -182. Is z prime?
False
Let s(b) = -b**3 - 30*b**2 + 64*b + 14. Is s(-32) a composite number?
True
Suppose -o + 4*o = 861. Let a = o + 184. Is a composite?
True
Let z be 5/(10/(-6)) - -1384. Let f = z - 939. Is f + (-12)/16*-4 composite?
True
Let s be ((-1)/(-2))/((-5)/(-50)). Suppose 5*r - s*m - 2070 = 0, -1232 = -3*r + 4*m - 3*m. Is r a composite number?
False
Let x(g) = -g**3 + 24*g**2 + 12*g + 37. Let o be x(24). Let z = o - 104. Is z a composite number?
True
Let l(w) = 4*w**2 - 42*w + 187. Is l(4) prime?
True
Let r(q) = -79*q**3 - q**2 + q. Let y be r(1). Let i = -174 - y. Let x = 354 + i. Is x a composite number?
True
Suppose -19*y + 19028 = -212715. Is y a prime number?
True
Let q be 1/(3*2/318). Suppose -5*n - 3*k + q = -2*k, -4*k - 18 = -3*n. Suppose -3*b + n + 5 = 0, -3*b = 2*v - 197. Is v a composite number?
True
Is (5 - 112/21)*-16869 composite?
False
Let w = 8117 + -4858. Is w prime?
True
Suppose 536*h - 542*h + 69582 = 0. Is h a prime number?
True
Let p(d) = -9*d - 25. Let c be 6/30 - (-136)/(-5). Is p(c) composite?
True
Let n be 3 + 17 - (-2 - -5). Suppose -5*f + 72 = 4*d + n, -d - 20 = -f. Suppose -f = j - 280. Is j a composite number?
True
Suppose -26 = -5*h - 11. Suppose h*p = 4*o + 143, 2*p + 61 = 3*p + 2*o. Is p a prime number?
True
Let x be 12/15 + (-3058)/10. Let w = -213 - x. Suppose 96 = 4*o - w. Is o composite?
False
Let x = 39 - 35. Suppose 2*r = -9*w + x*w + 3812, 3*w = -4*r + 7610. Is r a composite number?
False
Let g = 6489 + -1220. Is g composite?
True
Let j = 38 - 50. Is 5537/35 - j/15 a prime number?
False
Is (-5 - 13408)*(1 - (-16)/(-12)) a prime number?
False
Let l = -35744 - -83031. Is l a composite number?
False
Suppose 4 = -2*h + 8. Suppose h*w = 450 + 296. Suppose -w = -3*r - 88. Is r a prime number?
False
Suppose 0*i - 3*i - 4440 = 0. Let s = i - -2435. Is s a prime number?
False
Is (-7 + 3 - -2)/(2/(-694)) a composite number?
True
Let v = 284 + -63. Suppose -2*u = -v - 201. Is u prime?
True
Is (5807/(-2))/(49/(-98)) composite?
False
Suppose 0 = -3*z + 6 - 24. Let o = -16 - z. Is ((-30)/o)/((-2)/(-326)) prime?
False
Is (-18)/(-216) + 8961/36 prime?
False
Let t(q) = -q**2 + 3*q + 4. Let a be t(3). Suppose a*h - 13 = 2*x + 3, -4*x = -4*h + 16. Suppose x = 3*i - 56 - 49. Is i prime?
False
Let f(s) = 8*s**2 - 26*s + 11. Is f(27) a composite number?
True
Let y be 16/12*(-9)/2. Let q = y - -6. Suppose 2*o + q*o = 518. Is o a prime number?
False
Is (-4 - (-100)/(-8))/((-27)/4518) composite?
True
Suppose -8*t + 24799 + 1033 = 0. Is t composite?
False
Suppose 28*w + 9 = 25*w, 3*w + 3308 = u. Is u composite?
False
Let x be (-1)/(-2)*-4*446. Is ((-1)/(-2))/((-2)/x) composite?
False
Suppose -2188 = -5*m + 4*b + 96121, -m = 2*b - 19659. Is m a composite number?
False
Is (25/(-2))/5 + (-678025)/(-50) composite?
True
Let w(g) = -11*g**3 - g**2 + 4*g + 1. Is w(-4) composite?
False
Suppose 4*k - 13591 = -3*a, 0 = -5*k - 5*a + 16024 + 966. Is k prime?
False
Let y be 0 - (24/(-4) + 3). Is 1905/9 - 2/y a composite number?
False
Let r(n) be the first derivative of -3*n**2/2 - 3*n - 164. Let p be 1/(-1*(-2)/(-12)). Is r(p) a composite number?
True
Suppose 4*b 